90?
508
What is the remainder when 17866 is divided by 213?
187
Calculate the remainder when 85189 is divided by 70.
69
Calculate the remainder when 1716 is divided by 730.
256
Calculate the remainder when 9871 is divided by 2467.
3
What is the remainder when 66808 is divided by 1363?
21
Calculate the remainder when 108290 is divided by 285.
275
What is the remainder when 186862 is divided by 98?
74
What is the remainder when 139491 is divided by 152?
107
Calculate the remainder when 2726 is divided by 302.
8
What is the remainder when 44717 is divided by 329?
302
What is the remainder when 16719 is divided by 8357?
5
Calculate the remainder when 3093861 is divided by 19.
15
What is the remainder when 50160 is divided by 571?
483
Calculate the remainder when 178412 is divided by 1652.
1648
Calculate the remainder when 88267 is divided by 910.
907
What is the remainder when 25460 is divided by 186?
164
What is the remainder when 41479 is divided by 40?
39
Calculate the remainder when 209771 is divided by 69916.
23
What is the remainder when 3638 is divided by 304?
294
What is the remainder when 10552 is divided by 2100?
52
Calculate the remainder when 102299 is divided by 310.
309
Calculate the remainder when 24479 is divided by 67.
24
What is the remainder when 30419 is divided by 36?
35
What is the remainder when 65143 is divided by 479?
478
Calculate the remainder when 86649 is divided by 51.
0
What is the remainder when 58345 is divided by 58334?
11
Calculate the remainder when 3850 is divided by 146.
54
Calculate the remainder when 88914 is divided by 1046.
4
What is the remainder when 5030 is divided by 419?
2
What is the remainder when 3423 is divided by 386?
335
Calculate the remainder when 4381 is divided by 365.
1
What is the remainder when 1640 is divided by 543?
11
Calculate the remainder when 31795 is divided by 149.
58
Calculate the remainder when 10082 is divided by 5029.
24
What is the remainder when 15638 is divided by 1023?
293
What is the remainder when 89765 is divided by 447?
365
What is the remainder when 4279 is divided by 22?
11
What is the remainder when 2292 is divided by 882?
528
What is the remainder when 485945 is divided by 33?
20
What is the remainder when 4344 is divided by 242?
230
What is the remainder when 39626 is divided by 172?
66
Calculate the remainder when 1019 is divided by 494.
31
What is the remainder when 5197 is divided by 1710?
67
What is the remainder when 22167 is divided by 1588?
1523
What is the remainder when 264381 is divided by 1537?
17
What is the remainder when 10211 is divided by 1021?
1
Calculate the remainder when 3598 is divided by 144.
142
What is the remainder when 1489 is divided by 709?
71
What is the remainder when 1106 is divided by 443?
220
What is the remainder when 1794 is divided by 418?
122
What is the remainder when 3654 is divided by 605?
24
Calculate the remainder when 71984 is divided by 187.
176
Calculate the remainder when 4771 is divided by 198.
19
Calculate the remainder when 9583 is divided by 1196.
15
Calculate the remainder when 1315 is divided by 274.
219
What is the remainder when 242867 is divided by 815?
812
What is the remainder when 10561 is divided by 89?
59
What is the remainder when 398518 is divided by 70?
8
Calculate the remainder when 3892 is divided by 29.
6
What is the remainder when 53183 is divided by 1386?
515
Calculate the remainder when 34031 is divided by 318.
5
Calculate the remainder when 26247 is divided by 2018.
13
Calculate the remainder when 824 is divided by 101.
16
What is the remainder when 10692 is divided by 168?
108
Calculate the remainder when 59367 is divided by 20.
7
Calculate the remainder when 31805 is divided by 98.
53
Calculate the remainder when 55527 is divided by 156.
147
Calculate the remainder when 4849 is divided by 4823.
26
What is the remainder when 210519 is divided by 70115?
174
What is the remainder when 3276 is divided by 100?
76
Calculate the remainder when 20046 is divided by 629.
547
What is the remainder when 4152 is divided by 2060?
32
What is the remainder when 50861 is divided by 104?
5
Calculate the remainder when 16651 is divided by 115.
91
What is the remainder when 30657 is divided by 10126?
279
Calculate the remainder when 256476 is divided by 35.
31
What is the remainder when 144 is divided by 41?
21
What is the remainder when 15574 is divided by 106?
98
What is the remainder when 100233 is divided by 141?
123
Calculate the remainder when 11655 is divided by 98.
91
What is the remainder when 129380 is divided by 189?
104
Calculate the remainder when 168545 is divided by 29.
26
What is the remainder when 1960676 is divided by 131?
130
What is the remainder when 167185 is divided by 55720?
25
What is the remainder when 17775 is divided by 12?
3
Calculate the remainder when 44465 is divided by 104.
57
What is the remainder when 2932 is divided by 1962?
970
Calculate the remainder when 214549 is divided by 1358.
1343
Calculate the remainder when 9493 is divided by 25.
18
Calculate the remainder when 150398 is divided by 68.
50
Calculate the remainder when 9519 is divided by 9478.
41
What is the remainder when 2745 is divided by 346?
323
What is the remainder when 6673 is divided by 613?
543
What is the remainder when 7540 is divided by 243?
7
What is the remainder when 38946 is divided by 177?
6
What is the remainder when 545 is divided by 181?
2
What is the remainder when 833506 is divided by 19?
14
Calculate the remainder when 50699 is divided by 676.
675
Calculate the remainder when 36779 is divided by 7.
1
Calculate the remainder when 17512 is divided by 14.
12
What is the remainder when 46390 is divided by 6?
4
Calculate the remainder when 147390 is divided by 49120.
30
What is the remainder when 38626 is divided by 349?
236
What is the remainder when 234236 is divided by 58556?
12
Calculate the remainder when 196123 is divided by 14.
11
What is the remainder when 5411 is divided by 206?
55
Calculate the remainder when 5323907 is divided by 653.
651
What is the remainder when 6821 is divided by 18?
17
What is the remainder when 88783 is divided by 4670?
53
Calculate the remainder when 1743 is divided by 39.
27
Calculate the remainder when 37326 is divided by 7462.
16
Calculate the remainder when 25942 is divided by 1235.
7
What is the remainder when 13226 is divided by 1124?
862
What is the remainder when 1492 is divided by 140?
92
Calculate the remainder when 373243 is divided by 621.
22
Calculate the remainder when 474407 is divided by 74.
67
Calculate the remainder when 7717 is divided by 29.
3
Calculate the remainder when 11238 is divided by 11043.
195
What is the remainder when 381930 is divided by 11?
10
What is the remainder when 9707 is divided by 133?
131
Calculate the remainder when 105504 is divided by 142.
140
What is the remainder when 1746 is divided by 37?
7
What is the remainder when 1224 is divided by 704?
520
Calculate the remainder when 14614 is divided by 228.
22
What is the remainder when 126145 is divided by 9702?
19
Calculate the remainder when 16776 is divided by 5234.
1074
Calculate the remainder when 4468 is divided by 1332.
472
Calculate the remainder when 2474 is divided by 1213.
48
Calculate the remainder when 820 is divided by 188.
68
What is the remainder when 5533 is divided by 5505?
28
Calculate the remainder when 22823 is divided by 251.
233
Calculate the remainder when 10197 is divided by 391.
31
What is the remainder when 19972 is divided by 67?
6
What is the remainder when 4955 is divided by 235?
20
What is the remainder when 80430 is divided by 108?
78
What is the remainder when 54529 is divided by 199?
3
What is the remainder when 2843088 is divided by 14?
10
What is the remainder when 122961 is divided by 40976?
33
What is the remainder when 325220 is divided by 193?
15
Calculate the remainder when 85389 is divided by 17.
15
Calculate the remainder when 67607 is divided by 40.
7
What is the remainder when 44494 is divided by 1488?
1342
Calculate the remainder when 10603 is divided by 443.
414
What is the remainder when 21324 is divided by 216?
156
Calculate the remainder when 395 is divided by 39.
5
What is the remainder when 921 is divided by 116?
109
Cal